e?
False
Is 8731293973 composite?
False
Is 3946267939 prime?
False
Is 3164026055 a composite number?
True
Is 21114218533 prime?
True
Is 8982133703 prime?
True
Is 4461377 prime?
True
Is 121393193363 a composite number?
True
Is 81130770949 composite?
False
Is 197917283 prime?
True
Is 2703610763 composite?
True
Is 4507207111 a composite number?
True
Is 53164427 a composite number?
False
Is 220467031 a composite number?
False
Is 16320509389 composite?
True
Is 22770212111 composite?
False
Is 4082113443 a prime number?
False
Is 10182496881 a prime number?
False
Is 55043789 a composite number?
False
Is 2170152401 a prime number?
True
Is 60974191 a prime number?
False
Is 71746252663 composite?
False
Is 4013021707 composite?
True
Is 2686326803 a composite number?
False
Is 209129365849 a prime number?
True
Is 29901931979 prime?
True
Is 927697187 prime?
True
Is 451490467 a composite number?
False
Is 24922931989 a composite number?
False
Is 971149469 a composite number?
False
Is 268681018 prime?
False
Is 6348486329 composite?
False
Is 78235601 a prime number?
False
Is 20085699 prime?
False
Is 106342828091 a composite number?
False
Is 17844096251 prime?
True
Is 36773882969 prime?
False
Is 12688959089 a composite number?
False
Is 2555514607 a prime number?
True
Is 431383111 a prime number?
False
Is 2023799849 composite?
False
Is 100529091367 prime?
True
Is 57976057067 prime?
False
Is 9450091979 a composite number?
False
Is 9945543727 a prime number?
False
Is 32071151219 a composite number?
True
Is 504970231 a composite number?
False
Is 136328793539 a prime number?
True
Is 149620651 a prime number?
True
Is 836007559 a prime number?
False
Is 4555624937 composite?
False
Is 12799640319 composite?
True
Is 12656007709 a prime number?
False
Is 109491619121 prime?
False
Is 57748690373 composite?
True
Is 11413165381 composite?
False
Is 43737121 composite?
False
Is 4781609791 a prime number?
False
Is 904772279 a composite number?
False
Is 130274098393 a composite number?
False
Is 73249823 a composite number?
True
Is 4344797693 a composite number?
False
Is 311606158723 a prime number?
True
Is 69287837137 a composite number?
False
Is 4877715047 a prime number?
True
Is 378316721 composite?
True
Is 2817907243 a prime number?
False
Is 8278077961 composite?
False
Is 1250954899 prime?
True
Is 754929731 composite?
False
Is 124318573 composite?
False
Is 2393278429 a prime number?
True
Is 1014648367 a prime number?
True
Is 8998561643 composite?
False
Is 1190248333 a prime number?
False
Is 12048708407 a prime number?
True
Is 393963551 prime?
False
Is 37118364203 composite?
True
Is 3570207889 prime?
False
Is 7854641527 a composite number?
False
Is 4637309269 composite?
True
Is 90839663 a composite number?
True
Is 759187113 a prime number?
False
Is 201279712889 prime?
True
Is 92105962687 prime?
False
Is 92217205 prime?
False
Is 2169068969 a composite number?
False
Is 247341317 a prime number?
False
Is 4837130563 a prime number?
True
Is 4610034913 a composite number?
True
Is 1992305281 a composite number?
False
Is 2557322071 a prime number?
True
Is 61505407009 composite?
True
Is 749921833 a prime number?
False
Is 354155437 prime?
False
Is 1016341577 composite?
False
Is 24138741442 a composite number?
True
Is 2527409389 composite?
False
Is 344290447 a prime number?
False
Is 8844347 prime?
True
Is 5429162527 prime?
True
Is 54040663351 composite?
False
Is 2520548851 a composite number?
False
Is 5935121449 prime?
False
Is 49480924291 composite?
False
Is 453518803 composite?
True
Is 24652283393 composite?
False
Is 4323463567 prime?
False
Is 16107570389 a prime number?
True
Is 48435697613 a composite number?
False
Is 537237523 a composite number?
True
Is 135657339 a prime number?
False
Is 26523483451 composite?
True
Is 38755955629 a composite number?
True
Is 21946992199 prime?
False
Is 682692841 composite?
True
Is 42923820229 composite?
False
Is 7431248147 composite?
False
Is 23081127739 composite?
True
Is 438570767 prime?
True
Is 22710247093 a prime number?
True
Is 61670353 prime?
True
Is 1211984503 a composite number?
True
Is 15498203173 prime?
False
Is 163642873 a prime number?
False
Is 58151860571 composite?
True
Is 21110758213 prime?
True
Is 24286644943 prime?
False
Is 398885323 a composite number?
False
Is 18832323689 composite?
True
Is 1005588191 a prime number?
False
Is 6721867003 a prime number?
False
Is 15807290177 composite?
True
Is 1092835537 composite?
True
Is 12462609349 a prime number?
False
Is 30992678011 a prime number?
True
Is 591181141 a prime number?
False
Is 1668123043 prime?
True
Is 5769324109 a prime number?
False
Is 20976694549 a composite number?
False
Is 108304304063 a composite number?
True
Is 30859421 composite?
True
Is 5567248597 a prime number?
True
Is 3033384443 a prime number?
False
Is 10048944871 a prime number?
False
Is 1427534137 prime?
False
Is 35411793 a composite number?
True
Is 465978493 prime?
False
Is 1034790491 a composite number?
True
Is 4088653823 composite?
False
Is 1937593891 a prime number?
True
Is 7429827061 a prime number?
True
Is 17264355473 prime?
False
Is 395728231 a composite number?
False
Is 235238041 composite?
True
Is 1069567409 composite?
False
Is 7757634083 composite?
True
Is 287964587 a prime number?
True
Is 633474773 prime?
False
Is 14587925033 a prime number?
False
Is 5547104153 prime?
True
Is 1238870987 prime?
True
Is 191921471 a prime number?
False
Is 1343047371 prime?
False
Is 611746339 a composite number?
True
Is 934290979 a composite number?
True
Is 4049262323 composite?
True
Is 951203735 a prime number?
False
Is 81717511 prime?
True
Is 1871002361 a prime number?
False
Is 120087224003 composite?
True
Is 166320779 composite?
False
Is 2910371017 a prime number?
True
Is 66426244061 prime?
True
Is 102910273 a composite number?
True
Is 12710466677 a composite number?
False
Is 3446174967 prime?
False
Is 594400013 prime?
True
Is 190003088461 prime?
False
Is 42031710761 a prime number?
True
Is 88742178269 a composite number?
True
Is 4027163521 prime?
True
Is 611119381 composite?
False
Is 16844698249 composite?
False
Is 999847897 a prime number?
True
Is 1178805281 composite?
False
Is 8548111403 a prime number?
False
Is 12226174619 a prime number?
False
Is 8313243439 a prime number?
True
Is 2704071733 composite?
True
Is 29389159 a prime number?
False
Is 2758408633 a prime number?
True
Is 153850584187 a prime number?
True
Is 7025049973 a prime number?
True
Is 408749293 composite?
False
Is 104097271 a composite number?
True
Is 10962048261 a composite number?
True
Is 39023989 prime?
False
Is 3656369609 composite?
True
Is 62922123673 a composite number?
False
Is 449586937 composite?
False
Is 3792810727 a composite number?
False
Is 120548333 prime?
True
Is 232991453 a prime number?
False
Is 454013429 a composite number?
False
Is 23301855457 composite?
False
Is 1656051379 prime?
False
Is 3122260907 a prime number?
True
Is 209753305 composite?
True
Is 9233416121 a prime number?
True
Is 15053801183 prime?
False
Is 6303751899 prime?
False
Is 24209767819 composite?
False
Is 25076714287 a prime number?
False
Is 1224158989 a prime number?
True
Is 842711183 a prime number?
False
Is 4932396877 prime?
False
Is 20636183 prime?
True
Is 19888768087 a composite number?
True
Is 229688159 composite?
False
Is 5167643359 composite?
False
Is 15531721889 composite?
False
Is 976117427 prime?
False
Is 496186237 prime?
True
Is 3883868519 composite?
False
Is 1846966339 a composite number?
True
Is 723365521 composite?
True
Is 1065634099 a composite number?
False
Is 10273164193 a prime number?
False
Is 601633159 a prime number?
False
Is 918851497 a composite number?
True
Is 441546541 prime?
False
Is 12986014133 a composite number?
True
Is 14891940677 composite?
False
Is 1439989 prime?
True
Is 75657559 prime?
True
Is 5132632179 a composite number?
True
Is 9152414031 composite?
True
Is 157128217 composite?
True
Is 139821094679 a prime number?
False
Is 284705609 prime?
False
Is 18844018399 a prime number?
True
Is 216873038101 a prime number?
False
Is 33958476003 composite?
True
Is 1473960067 a prime number?
False
Is 49874520523 a composite number?
False
Is 428112337 composite?
True
Is 8107100123 prime?
False
Is 6722431963 prime?
False
Is 6764433283 a composite